3 = 5*j + 3*f - 3, -2*j - 3*f - 3 = 0. Suppose -2*u - 472 = -3*v, -9*v = -4*v + j*u - 812. What are the prime factors of v?
2, 5
List the prime factors of 4/(-5) - 511040/(-50).
2, 5, 7, 73
Let r be 6/(-7)*77/(-22). Suppose 2*w - 663 = r*d, 0 = -5*d - 5. What are the prime factors of w?
2, 3, 5, 11
Let d = 497 + -475. Suppose 4706 = -9*g + d*g. List the prime factors of g.
2, 181
Let n = 22702 - 10917. What are the prime factors of n?
5, 2357
Suppose 0 = -3*d + 5*s - 2, -d + 3*s = 2*d. Let x be (-25)/5*(-2 + d). Suppose 0 = 2*t - x*t + 15. List the prime factors of t.
5
Let b(y) = -y**3 - 5*y**2 - 2*y - 7. Let w be b(-4). What are the prime factors of ((-282)/w)/(((-52)/(-80))/13)?
2, 47
Suppose 428628 = 21*q + 71*q. What are the prime factors of q?
3, 1553
Let v be 5929/3 - -3 - (-10)/15. List the prime factors of ((-24)/10)/((-36)/v).
2, 3, 11
Let p(t) = 6*t + 113. Let d be p(-13). What are the prime factors of (d - 29) + 30/1?
2, 3
Let y(q) be the second derivative of 0 - 127/6*q**3 - 3/2*q**2 + 13*q. List the prime factors of y(-2).
251
Let t(r) = 340*r**2 - 476*r - 17. What are the prime factors of t(5)?
17, 359
Let w = 10036 - 5818. What are the prime factors of w?
2, 3, 19, 37
Suppose -146*j + 4940157 - 597123 = -4553768. What are the prime factors of j?
60937
Let o(z) = 2*z**2 + 6*z + 34. Let t be o(-11). Suppose 2*w - w = t. List the prime factors of w.
2, 3, 5, 7
Let n(q) = 36*q + 46. Let x be (1 + -1 + 1)/((-102)/(-1020)). What are the prime factors of n(x)?
2, 7, 29
Let o(y) be the third derivative of 1/2*y**4 + 0 - 7/6*y**3 + 0*y - 19*y**2. List the prime factors of o(8).
89
Let q be 65/26*6/(-5). Let s(x) = -9*x**2 - 8*x - 5. Let c(u) = u**2 + u + 1. Let p(f) = q*c(f) - s(f). What are the prime factors of p(-3)?
41
Let b(w) = 11*w**2 - 9*w - 3. Let d(c) = -6*c**2 + 5*c + 2. Let t(x) = 4*b(x) + 7*d(x). Let f be t(0). Suppose -f*q + q = -19. What are the prime factors of q?
19
Let r(q) = -3*q**2 - 5*q - 1156. Let u(c) = 2*c**2 + 4*c + 1156. Let b(o) = -3*r(o) - 4*u(o). Let l be b(0). What are the prime factors of l/(-5) + (24/5 - 4)?
2, 29
What are the prime factors of 5 - 2010*(9 - 17/1)?
5, 3217
Suppose 44*c - 383 = 145. Suppose -2460 = -24*p + c*p. List the prime factors of p.
5, 41
Let u = -13 - -17. What are the prime factors of -12*((-635)/20 + u)?
3, 37
Suppose 12*i = 6*i. Suppose i = -3*h - h + 384. Let a = h - -26. What are the prime factors of a?
2, 61
Let j = 624 + -57. Let s = 3 - 1. Suppose -j + 201 = -5*n - 2*f, f + 141 = s*n. List the prime factors of n.
2, 3
Let s(h) = -805*h - 937. What are the prime factors of s(-6)?
17, 229
Let p(f) be the third derivative of f**6/120 - 23*f**5/60 - 11*f**4/24 - f**3 - 9*f**2. What are the prime factors of p(24)?
2, 3, 17
Let d(s) = 762*s**2 - 5*s - 3. List the prime factors of d(-3).
2, 3, 5, 229
Let b = 49 - 4. Let n = -45 + b. Suppose 383 = 3*c - 4*o - n*o, 0 = 4*c + 2*o - 496. What are the prime factors of c?
5
Suppose 16*x - 6*x + 50080 = 0. Let z = -3333 - x. What are the prime factors of z?
5, 67
Let v = 89 + 21. Suppose -2*b - 592 + 646 = 0. Let g = v - b. List the prime factors of g.
83
Suppose -55*m + 714986 + 321643 = 71984. List the prime factors of m.
17539
Let t(g) = -24*g - 52. Let s be t(-10). Let n = s - -466. List the prime factors of n.
2, 3, 109
Let a = -623 - -5019. What are the prime factors of a?
2, 7, 157
Suppose 335 = 7*d - 2*d. Let k = 481 - d. Let s = k + -186. List the prime factors of s.
2, 3, 19
Suppose -3*v = 5*x - 134700, -11*v + 3*x + 179687 = -7*v. List the prime factors of v.
5, 13, 691
Suppose 2*h = -0*h + 526. Suppose 0 = 4912*d - 4908*d - 8. Suppose 5*y - h - 531 = -3*n, 4*n - d*y = 1050. List the prime factors of n.
263
Let s(p) = 28*p**2 + 5*p - 5. Let d be s(2). Suppose 4*a = d - 29. What are the prime factors of (11/(a/12))/((-3)/(-8))?
2
Let f(d) = -33*d - 4. Let z be f(2). Let h = z - -75. Suppose -4*r - 4*l + 431 = -l, -5*l = h*r - 535. What are the prime factors of r?
2, 5, 11
Suppose 3 - 195 = -4*x. Let u be 132/x + 5/4 + -1. Suppose 4*o - 52 = -4*j, -u*j - 2*j + 29 = -4*o. List the prime factors of j.
3
Suppose -3189796 - 1153341 = -183*z + 1002842. List the prime factors of z.
131, 223
Let q = 77 + -57. Suppose 4*g - q = 0, n = 4*g + 336 + 137. List the prime factors of n.
17, 29
Let a(n) = 31*n**2 - n. Let z(y) = -4*y + 10. Let g be z(3). Let r = -1 - g. What are the prime factors of a(r)?
2, 3, 5
Let i(v) = -4*v**2 - 288*v - 48. What are the prime factors of i(-25)?
2, 1163
Let v be (-621)/12*(-12)/(-4 + 3). Let y = 895 + v. What are the prime factors of y?
2, 137
Let r be (2 + -2)/((-6)/(-6)) - -14. Suppose -2*w - 24 = -r. Let p(h) = -26*h - 17. What are the prime factors of p(w)?
113
Suppose 10 = -s + 6*s. Suppose 0 = 7*n - 3*n - 16. Suppose 5*o - 95 = -4*k, k + n = -s*o + 42. List the prime factors of o.
19
Suppose -2*z = -5*w + 145, 2*w + 116 = 6*w + 4*z. Let k be (2 - -1) + -2 + 1. Suppose k*q - w = -9. What are the prime factors of q?
2, 5
Let a(q) = 7*q - 7. Let p be a(-3). Let z be 1*-5 + (13 - p). Suppose 80 = -z*g + 37*g. What are the prime factors of g?
2, 5
List the prime factors of ((-13432)/(-6))/((-478)/(-8604)).
2, 3, 23, 73
Suppose -671*k - 390598 - 171526 = -760*k. List the prime factors of k.
2, 1579
Let t(p) = 2*p**3 - 41*p**2 - 111*p + 27. List the prime factors of t(36).
3, 149
Suppose 1031 = -3*u - g + 23775, 37906 = 5*u + 2*g. What are the prime factors of u?
2, 17, 223
Suppose v + 4*s - 48 = 0, 3*v - s = 30 + 88. Suppose 0 = -4*c + v - 20. Let r(a) = a + 1. List the prime factors of r(c).
2, 3
Suppose 306023 = 37*h - 562782 - 516290. List the prime factors of h.
5, 7487
Suppose -8*n = 11*n + 20*n - 114972. List the prime factors of n.
2, 11, 67
Let u(i) be the second derivative of 73*i**3/6 - 24*i**2 + 2*i + 14. List the prime factors of u(4).
2, 61
Suppose -c + 169 = 151. List the prime factors of (c/(-45))/((-6208)/(-2070) - 3).
2, 3, 23
Let j(o) = 384*o**2 - 88*o + 118. List the prime factors of j(11).
2, 22807
Let o(b) = b**3 - 16*b**2 + 17*b + 13. Suppose 5*t + 5*f - 75 = 0, -2*t = 12*f - 7*f - 27. List the prime factors of o(t).
3, 5, 19
List the prime factors of 286/78 + (-3)/1 - (-1043328)/36.
2, 43, 337
Let w = -29284 + 71566. List the prime factors of w.
2, 3, 29
Suppose -w + 20 = 5*h - 6*w, 0 = 2*h - w - 9. Suppose -9 = 3*k + 4*d - 31, 2*k - 3 = -h*d. What are the prime factors of k?
2, 7
Let z = -369 + 144. Let r = 732 - z. What are the prime factors of r?
3, 11, 29
Let x(c) = 13*c**2 + 4*c - 2. Let v(u) = -7*u**2 - 2*u + 1. Let y(r) = 5*v(r) + 3*x(r). Let g be y(1). Suppose 13*o = g*o + 848. List the prime factors of o.
2, 53
Let z = 11 + -9. Suppose -l - z*l = -2*i - 2, 2*i - 8 = -2*l. List the prime factors of 1/(2*l/16) + 159.
163
Suppose -u - 19*u + 564740 = -3*u. List the prime factors of u.
2, 5, 11, 151
Let k = 7386 - 453. List the prime factors of k.
3, 2311
Let k be (294/4)/(3/8*2). Let n = k + -38. List the prime factors of n.
2, 3, 5
Suppose -m = -5*u - 3611, 0 = -2*m + 4*u + 1984 + 5262. List the prime factors of m.
3631
Suppose 1539 - 284 = 5*y. Suppose 18900 = -91*q - 17*q. Let j = y + q. What are the prime factors of j?
2, 19
Let b(c) = 60*c + 5. Let w be b(-1). Let n be (-434)/6 + (-2)/3. Let g = w - n. What are the prime factors of g?
2, 3
Let b = 63596 - 24765. List the prime factors of b.
13, 29, 103
Suppose 0 = 26*d - 37*d + 3311. Let j = d + 21. What are the prime factors of j?
2, 7, 23
Suppose 32467 = 5*c + n + 8847, 2*c - 3*n - 9448 = 0. List the prime factors of c.
2, 1181
Suppose -11*n + 833 = -33696. Suppose 3*o + 6273 = -2*a + 6*a, 0 = 2*a + o - n. What are the prime factors of a?
3, 523
Suppose 0 = 3*g - 2*s - 3822, 24*s + 2537 = 2*g + 19*s. List the prime factors of g.
2, 11, 29
Suppose -3*c - 4*u = -21, 2*c = 6*c + 4*u - 24. Let n(z) = -1 + 26*z + 17 + 37*z - 49*z + 22*z. List the prime factors of n(c).
2, 31
Let q(k) = 2*k**2 + 6*k + 7. Let u be q(-3). Let r(n) = -3*n + 15. Let x be r(u). List the prime factors of (x + 94/3)/((-1)/(-3)).
2, 19
Let x = 34 - 49. Let u be (1*(-14)/35)/((-1)/x). Let z(g) = -g**3 - 4*g**2 - 2*g - 7. What are the prime factors of z(u)?
7, 11
Suppose 22257 = -2*l + 3*n + 83313, 2*l + 12*n - 61026 = 0. List the prime factors of l.
